{"id":688,"date":"2015-11-30T12:34:12","date_gmt":"2015-11-30T11:34:12","guid":{"rendered":"http:\/\/pedrodeatarrabia.educacion.navarra.es\/web1\/?page_id=688"},"modified":"2024-05-06T18:44:19","modified_gmt":"2024-05-06T16:44:19","slug":"datos-del-centro","status":"publish","type":"page","link":"https:\/\/pedrodeatarrabia.educacion.navarra.es\/web1\/datos-del-centro\/","title":{"rendered":"Datos del centro"},"content":{"rendered":"\n<p>En el <strong>Instituto Pedro de Atarrabia<\/strong> pensamos que la educaci\u00f3n es la semilla con la que se consiguen ciudadanos y ciudadanas libres, con pensamiento cr\u00edtico, personas aut\u00f3nomas e integradas en la sociedad. En nuestro centro, el alumnado va a adquirir las competencias que le permitir\u00e1n enfrentarse a su futuro, en una sociedad cambiante llena de desaf\u00edos. Como centro p\u00fablico queremos dar una respuesta adecuada a estos retos teniendo en cuenta nuestro entorno. Somos el lugar de encuentro de adolescentes de distintas localidades, urbanas, rurales\u2026Tenemos distintos modelos ling\u00fc\u00edsticos, en definitiva, una diversidad enriquecedora sin ninguna duda. Finalmente, y como no puede ser de otra manera, contamos con las familias como agentes clave para contribuir al desarrollo integral de nuestro alumnado.<\/p>\n\n\n\n<p><strong>DATOS DEL CENTRO<\/strong><\/p>\n\n\n<p><strong>IESO<\/strong> \u00abPedro de Atarrabia\u00bb<\/p>\n<p><strong>C\/<\/strong> Bidaburua s\/n<\/p>\n<p><strong>C.P.<\/strong>: 31610<\/p>\n<p><strong>Tfno:<\/strong> 848430770<\/p>\n<p><b>Correo general del centro:<\/b> iesovill@educacion.navarra.es<\/p>\n<p><strong>Correo de administraci\u00f3n:<\/strong> iesovill.admin@educacion.navarra.es<\/p>","protected":false},"excerpt":{"rendered":"<p>En el Instituto Pedro de Atarrabia pensamos que la educaci\u00f3n es la semilla con la que se consiguen ciudadanos y ciudadanas libres, con pensamiento cr\u00edtico, personas aut\u00f3nomas e integradas en la sociedad. En nuestro centro, el alumnado va a adquirir las competencias que le permitir\u00e1n enfrentarse a su futuro, en una sociedad cambiante llena de [&hellip;]<\/p>\n","protected":false},"author":2,"featured_media":0,"parent":0,"menu_order":0,"comment_status":"closed","ping_status":"closed","template":"","meta":{"_genesis_hide_title":false,"_genesis_hide_breadcrumbs":false,"_genesis_hide_singular_image":false,"_genesis_hide_footer_widgets":false,"_genesis_custom_body_class":"","_genesis_custom_post_class":"","_genesis_layout":""},"featured_image_src":null,"featured_image_src_square":null,"_links":{"self":[{"href":"https:\/\/pedrodeatarrabia.educacion.navarra.es\/web1\/wp-json\/wp\/v2\/pages\/688"}],"collection":[{"href":"https:\/\/pedrodeatarrabia.educacion.navarra.es\/web1\/wp-json\/wp\/v2\/pages"}],"about":[{"href":"https:\/\/pedrodeatarrabia.educacion.navarra.es\/web1\/wp-json\/wp\/v2\/types\/page"}],"author":[{"embeddable":true,"href":"https:\/\/pedrodeatarrabia.educacion.navarra.es\/web1\/wp-json\/wp\/v2\/users\/2"}],"replies":[{"embeddable":true,"href":"https:\/\/pedrodeatarrabia.educacion.navarra.es\/web1\/wp-json\/wp\/v2\/comments?post=688"}],"version-history":[{"count":12,"href":"https:\/\/pedrodeatarrabia.educacion.navarra.es\/web1\/wp-json\/wp\/v2\/pages\/688\/revisions"}],"predecessor-version":[{"id":6871,"href":"https:\/\/pedrodeatarrabia.educacion.navarra.es\/web1\/wp-json\/wp\/v2\/pages\/688\/revisions\/6871"}],"wp:attachment":[{"href":"https:\/\/pedrodeatarrabia.educacion.navarra.es\/web1\/wp-json\/wp\/v2\/media?parent=688"}],"curies":[{"name":"wp","href":"https:\/\/api.w.org\/{rel}","templated":true}]}}

<p>En el <strong>Instituto Pedro de Atarrabia</strong> pensamos que la educación es la semilla con la que se consiguen ciudadanos y ciudadanas libres, con pensamiento crítico, personas autónomas e integradas en la sociedad. En nuestro centro, el alumnado va a adquirir las competencias que le permitirán enfrentarse a su futuro, en una sociedad cambiante llena de desafíos. Como centro público queremos dar una respuesta adecuada a estos retos teniendo en cuenta nuestro entorno. Somos el lugar de encuentro de adolescentes de distintas localidades, urbanas, rurales…Tenemos distintos modelos lingüísticos, en definitiva, una diversidad enriquecedora sin ninguna duda. Finalmente, y como no puede ser de otra manera, contamos con las familias como agentes clave para contribuir al desarrollo integral de nuestro alumnado.</p>



<p><strong>DATOS DEL CENTRO</strong></p>


<p><strong>IESO</strong> «Pedro de Atarrabia»</p>
<p><strong>C/</strong> Bidaburua s/n</p>
<p><strong>C.P.</strong>: 31610</p>
<p><strong>Tfno:</strong> 848430770</p>
<p><b>Correo general del centro:</b> iesovill@educacion.navarra.es</p>
<p><strong>Correo de administración:</strong> iesovill.admin@educacion.navarra.es</p>

<p>En el Instituto Pedro de Atarrabia pensamos que la educación es la semilla con la que se consiguen ciudadanos y ciudadanas libres, con pensamiento crítico, personas autónomas e integradas en la sociedad. En nuestro centro, el alumnado va a adquirir las competencias que le permitirán enfrentarse a su futuro, en una sociedad cambiante llena de [&hellip;]</p>
